{"id":2483,"date":"2021-02-08T18:07:37","date_gmt":"2021-02-08T18:07:37","guid":{"rendered":"https:\/\/www.tiosimonfoods.com\/?page_id=2483"},"modified":"2023-11-07T15:31:51","modified_gmt":"2023-11-07T15:31:51","slug":"politicas-de-envio","status":"publish","type":"page","link":"https:\/\/screen.com.ve\/clientes\/tiosol\/politicas-de-envio\/","title":{"rendered":"Pol\u00edticas de Env\u00edo"},"content":{"rendered":"\r\n<p>Queremos asegurarnos de que tu experiencia de compra con nosotros sea lo m\u00e1s f\u00e1cil y satisfactoria posible. Es por eso que nos gustar\u00eda compartir contigo algunas cosas importantes que debes saber sobre nuestros env\u00edos:<\/p>\r\n<h2 class=\"wp-block-heading\">Tiempo de procesamiento<\/h2>\r\n<p>Los env\u00edos se procesan y env\u00edan los d\u00edas lunes y martes a todo US Continental; y los d\u00edas mi\u00e9rcoles solamente se realizan env\u00edos dentro de las localidades de Miami. <br \/>Todos los pedidos realizados entre los d\u00edas mi\u00e9rcoles a domingo ser\u00e1n procesados el siguiente lunes.<br \/>Estos tiempos de procesamiento son para poder asegurar la entrega en perfecto estado de los productos refrigerados<\/p>\r\n<p style=\"padding-left: 80px;\"><em>TIP:<\/em> si usted requiere que el pedido sea env\u00edado entre los d\u00edas lunes\/martes aseg\u00farese de realizarlo antes del d\u00eda domingo, de este modo asegura que su orden llegue en el transcurso de esa semana.<\/p>\r\n<h2><br \/>Costo del env\u00edo<\/h2>\r\n<ul>\r\n<li>Shipping: depende del peso total del pedido y de la direcci\u00f3n de env\u00edo, este se calcula con base al rate que proporciona la compa\u00f1\u00eda de env\u00edo. <br \/>El tiempo en tr\u00e1nsito depender\u00e1 del m\u00e9todo de env\u00edo: Ground Delivery 1-4 d\u00edas y tambi\u00e9n ofrecemos opciones de env\u00edo expr\u00e9s para aquellos que desean recibir los productos sin una espera prolongada, esto son el Express Saver (3 d\u00edas) y el 2 Day Shipping.<\/li>\r\n<\/ul>\r\n<p style=\"padding-left: 80px;\"><em>TIP:<\/em> para la Costa Oeste, aunque sabemos que es un poco m\u00e1s costoso, debido al calor y al tiempo en tr\u00e1nsito, la \u00fanica forma de que los pedidos lleguen refrigerados es solicitar un env\u00edo Express Saver.<\/p>\r\n<ul>\r\n<li>Empaque: enviamos nuestros productos muy bien empacados, usamos paquetes refrigerados (Foam Cooler) con hielo seco. Esta es una forma segura y efectiva de mantener la frescura y la calidad de los alimentos durante el transporte. El costo de este suministro de embalaje se calcula de forma autom\u00e1tica en el Checkout al momento de hacer la compra en nuestro sitio web.<br \/>Con estas medidas aseguramos que puedas disfrutar de tus alimentos favoritos al recibirlos en perfecto estado.<\/li>\r\n<\/ul>\r\n<h2><br \/>Entrega exitosa<\/h2>\r\n<p>Para garantizar una entrega exitosa, aseg\u00farate de proporcionar una direcci\u00f3n de entrega precisa y completa. Si tienes alguna solicitud especial, por favor comun\u00edcate con nuestro equipo de atenci\u00f3n al cliente antes de realizar tu pedido.<\/p>\r\n<p>&nbsp;<\/p>\r\n<h2>Pick-up<\/h2>\r\n<p>Tambi\u00e9n, si te encuentras en Miami cerca de nuestras oficinas, puedes retirar tu pedido en nuestro local comercial ubicado en 2635 NE 188th ST, Bay 108, Miami 33180.<\/p>\r\n<p>\r\n\r\n<\/p>\r\n<p>Al momento de realizar tu compra marca en el check-out la opci\u00f3n de Pick-up y ll\u00e1manos al +1 786-520-4052 para coordinar el d\u00eda del retiro del pedido y asegurar que est\u00e9 disponible en nuestras oficinas para la recogida.<\/p>\r\n<p>\r\n\r\n<\/p>\r\n<p>Horario de pick-up: lunes a viernes de 9am a 4pm.<\/p>\r\n<p>&nbsp;<\/p>\r\n<h2>Si su pedido llega en mal estado:<\/h2>\r\n<p>\r\n\r\n<\/p>\r\n<p>Por favor comun\u00edquese con nosotros de inmediato, preferiblemente v\u00eda telef\u00f3nica 786-520-4052, o si no logra localizarnos por correo electr\u00f3nico: admin@miamifinefoods.com. Es necesario que tome fotos al estado de su pedido para poder hacer el reclamo a la compa\u00f1\u00eda de env\u00edo con material de respaldo.<\/p>\r\n<p>&nbsp;<\/p>\r\n<h2>D\u00edas de tr\u00e1nsito:<\/h2>\r\n","protected":false},"excerpt":{"rendered":"<p>Queremos asegurarnos de que tu experiencia de compra con nosotros sea lo&#8230;<\/p>\n","protected":false},"author":1,"featured_media":0,"parent":0,"menu_order":12,"comment_status":"closed","ping_status":"closed","template":"template-shipping-policy.php","meta":{"footnotes":""},"class_list":["post-2483","page","type-page","status-publish","hentry"],"yoast_head":"<!-- This site is optimized with the Yoast SEO plugin v22.1 - https:\/\/yoast.com\/wordpress\/plugins\/seo\/ -->\n<title>Pol\u00edticas de Env\u00edo | T\u00edo Sol Bites<\/title>\n<meta name=\"robots\" content=\"index, follow, max-snippet:-1, max-image-preview:large, max-video-preview:-1\" \/>\n<link rel=\"canonical\" href=\"https:\/\/screen.com.ve\/clientes\/tiosol\/politicas-de-envio\/\" \/>\n<meta property=\"og:locale\" content=\"es_ES\" \/>\n<meta property=\"og:type\" content=\"article\" \/>\n<meta property=\"og:title\" content=\"Pol\u00edticas de Env\u00edo | T\u00edo Sol Bites\" \/>\n<meta property=\"og:description\" content=\"Queremos asegurarnos de que tu experiencia de compra con nosotros sea lo...\" \/>\n<meta property=\"og:url\" content=\"https:\/\/screen.com.ve\/clientes\/tiosol\/politicas-de-envio\/\" \/>\n<meta property=\"og:site_name\" content=\"T\u00edo Sol Bites\" \/>\n<meta property=\"article:publisher\" content=\"https:\/\/www.facebook.com\/tiosimonfoods\/\" \/>\n<meta property=\"article:modified_time\" content=\"2023-11-07T15:31:51+00:00\" \/>\n<meta name=\"twitter:card\" content=\"summary_large_image\" \/>\n<meta name=\"twitter:label1\" content=\"Tiempo de lectura\" \/>\n\t<meta name=\"twitter:data1\" content=\"3 minutos\" \/>\n<script type=\"application\/ld+json\" class=\"yoast-schema-graph\">{\"@context\":\"https:\/\/schema.org\",\"@graph\":[{\"@type\":\"WebPage\",\"@id\":\"https:\/\/screen.com.ve\/clientes\/tiosol\/politicas-de-envio\/\",\"url\":\"https:\/\/screen.com.ve\/clientes\/tiosol\/politicas-de-envio\/\",\"name\":\"Pol\u00edticas de Env\u00edo | T\u00edo Sol Bites\",\"isPartOf\":{\"@id\":\"https:\/\/screen.com.ve\/clientes\/tiosol\/#website\"},\"datePublished\":\"2021-02-08T18:07:37+00:00\",\"dateModified\":\"2023-11-07T15:31:51+00:00\",\"breadcrumb\":{\"@id\":\"https:\/\/screen.com.ve\/clientes\/tiosol\/politicas-de-envio\/#breadcrumb\"},\"inLanguage\":\"es\",\"potentialAction\":[{\"@type\":\"ReadAction\",\"target\":[\"https:\/\/screen.com.ve\/clientes\/tiosol\/politicas-de-envio\/\"]}]},{\"@type\":\"BreadcrumbList\",\"@id\":\"https:\/\/screen.com.ve\/clientes\/tiosol\/politicas-de-envio\/#breadcrumb\",\"itemListElement\":[{\"@type\":\"ListItem\",\"position\":1,\"name\":\"Portada\",\"item\":\"https:\/\/screen.com.ve\/clientes\/tiosol\/\"},{\"@type\":\"ListItem\",\"position\":2,\"name\":\"Pol\u00edticas de Env\u00edo\"}]},{\"@type\":\"WebSite\",\"@id\":\"https:\/\/screen.com.ve\/clientes\/tiosol\/#website\",\"url\":\"https:\/\/screen.com.ve\/clientes\/tiosol\/\",\"name\":\"T\u00edo Sol Bites\",\"description\":\"\",\"publisher\":{\"@id\":\"https:\/\/screen.com.ve\/clientes\/tiosol\/#organization\"},\"potentialAction\":[{\"@type\":\"SearchAction\",\"target\":{\"@type\":\"EntryPoint\",\"urlTemplate\":\"https:\/\/screen.com.ve\/clientes\/tiosol\/?s={search_term_string}\"},\"query-input\":\"required name=search_term_string\"}],\"inLanguage\":\"es\"},{\"@type\":\"Organization\",\"@id\":\"https:\/\/screen.com.ve\/clientes\/tiosol\/#organization\",\"name\":\"Tio Simon Foods\",\"url\":\"https:\/\/screen.com.ve\/clientes\/tiosol\/\",\"logo\":{\"@type\":\"ImageObject\",\"inLanguage\":\"es\",\"@id\":\"https:\/\/screen.com.ve\/clientes\/tiosol\/#\/schema\/logo\/image\/\",\"url\":\"https:\/\/www.tiosimonfoods.com\/wp-content\/uploads\/2022\/12\/Logo-Tio-Simon.png\",\"contentUrl\":\"https:\/\/www.tiosimonfoods.com\/wp-content\/uploads\/2022\/12\/Logo-Tio-Simon.png\",\"width\":185,\"height\":150,\"caption\":\"Tio Simon Foods\"},\"image\":{\"@id\":\"https:\/\/screen.com.ve\/clientes\/tiosol\/#\/schema\/logo\/image\/\"},\"sameAs\":[\"https:\/\/www.facebook.com\/tiosimonfoods\/\",\"https:\/\/www.instagram.com\/stories\/tiosimonfoods\/\"]}]}<\/script>\n<!-- \/ Yoast SEO plugin. -->","yoast_head_json":{"title":"Pol\u00edticas de Env\u00edo | T\u00edo Sol Bites","robots":{"index":"index","follow":"follow","max-snippet":"max-snippet:-1","max-image-preview":"max-image-preview:large","max-video-preview":"max-video-preview:-1"},"canonical":"https:\/\/screen.com.ve\/clientes\/tiosol\/politicas-de-envio\/","og_locale":"es_ES","og_type":"article","og_title":"Pol\u00edticas de Env\u00edo | T\u00edo Sol Bites","og_description":"Queremos asegurarnos de que tu experiencia de compra con nosotros sea lo...","og_url":"https:\/\/screen.com.ve\/clientes\/tiosol\/politicas-de-envio\/","og_site_name":"T\u00edo Sol Bites","article_publisher":"https:\/\/www.facebook.com\/tiosimonfoods\/","article_modified_time":"2023-11-07T15:31:51+00:00","twitter_card":"summary_large_image","twitter_misc":{"Tiempo de lectura":"3 minutos"},"schema":{"@context":"https:\/\/schema.org","@graph":[{"@type":"WebPage","@id":"https:\/\/screen.com.ve\/clientes\/tiosol\/politicas-de-envio\/","url":"https:\/\/screen.com.ve\/clientes\/tiosol\/politicas-de-envio\/","name":"Pol\u00edticas de Env\u00edo | T\u00edo Sol Bites","isPartOf":{"@id":"https:\/\/screen.com.ve\/clientes\/tiosol\/#website"},"datePublished":"2021-02-08T18:07:37+00:00","dateModified":"2023-11-07T15:31:51+00:00","breadcrumb":{"@id":"https:\/\/screen.com.ve\/clientes\/tiosol\/politicas-de-envio\/#breadcrumb"},"inLanguage":"es","potentialAction":[{"@type":"ReadAction","target":["https:\/\/screen.com.ve\/clientes\/tiosol\/politicas-de-envio\/"]}]},{"@type":"BreadcrumbList","@id":"https:\/\/screen.com.ve\/clientes\/tiosol\/politicas-de-envio\/#breadcrumb","itemListElement":[{"@type":"ListItem","position":1,"name":"Portada","item":"https:\/\/screen.com.ve\/clientes\/tiosol\/"},{"@type":"ListItem","position":2,"name":"Pol\u00edticas de Env\u00edo"}]},{"@type":"WebSite","@id":"https:\/\/screen.com.ve\/clientes\/tiosol\/#website","url":"https:\/\/screen.com.ve\/clientes\/tiosol\/","name":"T\u00edo Sol Bites","description":"","publisher":{"@id":"https:\/\/screen.com.ve\/clientes\/tiosol\/#organization"},"potentialAction":[{"@type":"SearchAction","target":{"@type":"EntryPoint","urlTemplate":"https:\/\/screen.com.ve\/clientes\/tiosol\/?s={search_term_string}"},"query-input":"required name=search_term_string"}],"inLanguage":"es"},{"@type":"Organization","@id":"https:\/\/screen.com.ve\/clientes\/tiosol\/#organization","name":"Tio Simon Foods","url":"https:\/\/screen.com.ve\/clientes\/tiosol\/","logo":{"@type":"ImageObject","inLanguage":"es","@id":"https:\/\/screen.com.ve\/clientes\/tiosol\/#\/schema\/logo\/image\/","url":"https:\/\/www.tiosimonfoods.com\/wp-content\/uploads\/2022\/12\/Logo-Tio-Simon.png","contentUrl":"https:\/\/www.tiosimonfoods.com\/wp-content\/uploads\/2022\/12\/Logo-Tio-Simon.png","width":185,"height":150,"caption":"Tio Simon Foods"},"image":{"@id":"https:\/\/screen.com.ve\/clientes\/tiosol\/#\/schema\/logo\/image\/"},"sameAs":["https:\/\/www.facebook.com\/tiosimonfoods\/","https:\/\/www.instagram.com\/stories\/tiosimonfoods\/"]}]}},"jetpack_sharing_enabled":true,"_links":{"self":[{"href":"https:\/\/screen.com.ve\/clientes\/tiosol\/wp-json\/wp\/v2\/pages\/2483","targetHints":{"allow":["GET"]}}],"collection":[{"href":"https:\/\/screen.com.ve\/clientes\/tiosol\/wp-json\/wp\/v2\/pages"}],"about":[{"href":"https:\/\/screen.com.ve\/clientes\/tiosol\/wp-json\/wp\/v2\/types\/page"}],"author":[{"embeddable":true,"href":"https:\/\/screen.com.ve\/clientes\/tiosol\/wp-json\/wp\/v2\/users\/1"}],"replies":[{"embeddable":true,"href":"https:\/\/screen.com.ve\/clientes\/tiosol\/wp-json\/wp\/v2\/comments?post=2483"}],"version-history":[{"count":5,"href":"https:\/\/screen.com.ve\/clientes\/tiosol\/wp-json\/wp\/v2\/pages\/2483\/revisions"}],"predecessor-version":[{"id":4748,"href":"https:\/\/screen.com.ve\/clientes\/tiosol\/wp-json\/wp\/v2\/pages\/2483\/revisions\/4748"}],"wp:attachment":[{"href":"https:\/\/screen.com.ve\/clientes\/tiosol\/wp-json\/wp\/v2\/media?parent=2483"}],"curies":[{"name":"wp","href":"https:\/\/api.w.org\/{rel}","templated":true}]}}